Is a a composite number?
True
Let g be -1 + -3 + 2 + 2. Let v(w) = 235 + 4*w**2 + w**2 - w**2 - 3*w**2 + w. Is v(g) prime?
False
Suppose -4*v - y + 1 = 43, -2*y = -3*v - 26. Let h be -2 + (-5)/(10/(-36)). Is (-10)/4*h/v composite?
True
Is 7536/(-64)*(-8)/3 a prime number?
False
Suppose -3015 - 6723 = -6*k. Suppose 2*r - 5*z = -260 + k, -z = -2*r + 1359. Is r a prime number?
False
Let x be 0 + 0 + 34/2. Let y = 30 - x. Let o = 12 + y. Is o a composite number?
True
Let n(j) = -2*j - 4. Let z be n(-3). Let q(s) = z*s + 4*s - s**2 + s - 4. Is q(5) a prime number?
False
Suppose 4*g = 6*g - 10. Suppose 2*i + 327 = 3*i - g*h, 4*i + h - 1224 = 0. Is i a prime number?
True
Suppose 2*z = -2*v - z + 403, -2*v = z - 405. Is v a composite number?
True
Let w = -2 + 7. Suppose y + 435 = 2*d, w*d + y - 1086 = 2*y. Is d prime?
False
Is 32952/42 + (-3)/(-7) prime?
False
Suppose 0 = -5*x - b + 702, -3*x - 4*b = -8*x + 717. Is x prime?
False
Let b(n) = 2*n**3 + 4*n**2 + n. Suppose -4*k = -7*k + 75. Let q be (-12)/10*k/(-10). Is b(q) a prime number?
False
Let d(n) = -n**3 + 11*n**2 - 3*n + 15. Let z be d(11). Let m be z/(-10) + (-3)/(-15). Is 67 - 0/m*-1 a prime number?
True
Let m(n) = -9*n + 5*n**2 - 3*n + 7 + 2*n. Is m(6) composite?
False
Suppose -2*b + 6 = -5*a, 0*b = -2*b + 4*a + 6. Let m = b + 0. Suppose m*d = 86 + 43. Is d prime?
True
Is -1 + 10/14 + 31310/70 a composite number?
True
Is ((-124)/(-16))/((-1)/(-4)) a prime number?
True
Suppose 4*b - y + 4100 = 0, -5*y = b + 138 + 866. Let c = -731 - b. Is c prime?
True
Let r = 13963 - 9914. Is r prime?
True
Let l(g) = 5*g + 5. Is l(4) prime?
False
Let g(q) = -q**3 + 4*q**2 - q - 3. Suppose -3*b + 3*d + 21 = 0, d = -3*d - 16. Let r be g(b). Suppose 4*k - v = -6*v + 89, -r*v = 4*k - 87. Is k prime?
False
Let n(t) = -6*t + 77. Is n(-19) prime?
True
Suppose -8*v = -3*v - 5. Let o(t) = 4*t. Let s be o(v). Suppose -s*a = -160 - 60. Is a a composite number?
True
Let f(q) = -q + 2. Let w be f(0). Let i be w/6*(-36)/(-2). Is (-14)/3*(-9)/i composite?
False
Let x(y) be the first derivative of y**7/280 - y**6/120 - y**4/24 - y**3/3 + 1. Let p(c) be the third derivative of x(c). Is p(3) a composite number?
False
Is 2/3 - (-4165)/21 a prime number?
True
Suppose 5*r = -5*k - 85, 73 = -4*r - 3*k - 2*k. Let h be 8/r + (-1433)/(-3). Is ((-2)/(-3))/(6/h) composite?
False
Let u = -7 - -6. Let h be -2*(-1)/(-2) - u. Suppose -4*j + j + 165 = h. Is j a prime number?
False
Suppose 0*x - 8 = -4*x. Let n(w) = 56*w**2 - 2*w + 3. Is n(x) composite?
False
Suppose -2*w + 4 = 2*u, 0 = -3*u - 0*u - w + 8. Suppose 6*g - 5*h = 2*g + 66, 3*h + 6 = 0. Suppose -u*l + g = -151. Is l a prime number?
False
Let l(z) = 49*z**2 + 14*z - 5. Is l(4) a prime number?
False
Let h(o) = o**2 + 4*o + 359. Is h(0) a composite number?
False
Let j(z) = 8*z - 3. Let w be (-84)/8*(-1 - 1). Suppose -3*y - 4*b = -w, -5*y - b - 7 = -6*y. Is j(y) a composite number?
False
Let h be 3 - (-1)/(-3)*3. Let w be (3 - 2) + 116 + -2. Suppose 4*j - 13 = -h*o + 37, 0 = -4*o - 5*j + w. Is o a prime number?
False
Suppose -5*a - 5*l = -l - 4979, 2*a - 1987 = 3*l. Is a a composite number?
True
Let w = -9 - -6. Is 55 + (w + 2 - -1) prime?
False
Suppose 2*y - 267 = 175. Suppose -93 - y = -2*x. Is x prime?
True
Is 18/(-63) + 2006/14 a prime number?
False
Is 367 + -4 + (5 - 3) prime?
False
Suppose -6*j + 1874 = -3880. Is j a prime number?
False
Let b = -171 - -878. Is b a prime number?
False
Let x be (1 - (-1 + 2)) + 4. Let d(w) = 19*w**2 + 2*w - 5. Is d(x) a prime number?
True
Suppose -4*k + k + 9 = 0. Is (-2)/((0 - k)/87) a prime number?
False
Let d be (-3)/(3/110) - -1. Let b = d - -312. Suppose b = -0*g + g. Is g a prime number?
False
Suppose 4*l + 7 = -5. Let x(n) = -12*n - 3. Let p be x(l). Is (-207)/(-11) - (-6)/p a prime number?
True
Suppose 5*q - 7 = -p + 16, 2*q = 4*p + 18. Let i be (-171)/(-2) - 2/(-4). Suppose -5*v + 149 = -5*x - 11, 0 = 3*v - q*x - i. Is v a composite number?
False
Is 138580/16 + -2 - 5/20 prime?
False
Let z be -1 - 2/(-2)*-73. Suppose -y - 151 = 3*d, -3*d = 6*y - y + 143. Let s = d - z. Is s a composite number?
False
Is ((-57)/6)/(2/(-4)) a composite number?
False
Let a = -7 + 12. Let f be (4/(-6))/(a/45). Is 66/8 + f/(-8) prime?
False
Let i = -182 + 310. Suppose 4*p - 5*j + 128 = -0*j, 3*j + i = -4*p. Is ((-242)/8)/(8/p) a composite number?
True
Suppose r - 1461 = -2*r. Is r prime?
True
Suppose 5*x - 61 = -0*x + 4*o, 2*x = -2*o + 10. Suppose -r + x = 2. Is r prime?
True
Is 2/(-4) - (-38122)/28 a prime number?
True
Let s = 0 - -3. Let t(x) = -s*x - 1 - 5*x**2 + x**3 - x**2 + 7. Is t(7) prime?
False
Is 1 + -1 + (9 - -46) a composite number?
True
Let h = -4 - -8. Suppose -m = h*r - 0*m - 11, -3*m = -r + 19. Is -2*(-14)/r*1 a composite number?
False
Suppose 3*w - w - 890 = 0. Is w prime?
False
Let k(a) be the first derivative of 17*a**5/120 - a**4/12 + 2*a**3/3 - 3. Let y(j) be the third derivative of k(j). Is y(5) a prime number?
True
Suppose -5*j = -2*j - 198. Is (-3 + 4)*-1 + j composite?
True
Suppose -4*i = -3*i - 3. Suppose 10 = -i*s + 5*s. Suppose 8*p = 5*p + 3*a + 624, -s*p - 5*a + 1050 = 0. Is p composite?
True
Suppose -4*l = -3*j + 81, -3*j + l = -j - 59. Is j prime?
True
Suppose r = 6*r + 225. Suppose -59 = 5*x + 51. Let g = x - r. Is g a prime number?
True
Let k(d) be the second derivative of -d**5/20 - d**4/3 - d**3/3 + 6*d. Is k(-5) prime?
False
Let n(y) = y**3 + 10*y**2 - 12*y - 7. Let g be n(-11). Let h = -18 + 12. Is 318/(-4)*g/h a prime number?
True
Let p = -1272 + 2525. Is p prime?
False
Let f = 8 - 6. Is f composite?
False
Suppose 3*z = 6*z - 111. Is z a composite number?
False
Let l be (59/(-3))/((-1)/3). Let g = l - 8. Let w = -30 + g. Is w composite?
True
Let u be 1 + 4 + (-5 - -4). Suppose 0 = -u*q + w + 265, -2*w - w = -5*q + 340. Is q composite?
True
Suppose -4*x + 4510 = -526. Is x composite?
False
Suppose 0 = -4*m - 2*b + 2529 + 197, -m = -5*b - 698. Is m a composite number?
False
Suppose -5*a + 30 = 3*k, -7 = -4*a - 0*a + k. Let h be (-2)/(-6) + (-13)/a. Is (-3)/h*(1 + 51) a composite number?
True
Let n(l) be the first derivative of 19*l**4/2 - 2*l**3/3 + l**2 - l - 1. Suppose 2*t + 8 - 10 = 0. Is n(t) composite?
False
Let n(q) = -21*q**3 - q**2 - 2*q - 1. Let j be n(-1). Let m = j + -2. Is m prime?
True
Is (-26)/(-169) + 245/13 a prime number?
True
Suppose 2*o - 4*o + 2 = 0. Let t = 475 + -184. Is t/(-6)*o*-2 a composite number?
False
Suppose 3*m - 1264 = 1127. Is m prime?
True
Let x(k) = -2*k**3 + 3*k**2 + 9*k - 4. Let i be x(-9). Suppose -4*s = 3*t - i, t = -t - 8. Is s composite?
True
Is (-2112)/(-2 - 1) - 1 a composite number?
True
Let c(j) = j**3 + 8*j**2 + 7*j + 5. Let l be c(-7). Is (l/10)/((-1)/(-4)) composite?
False
Let k(w) = -2*w - 2. Let u be k(-5). Suppose -5*x = -x - u, 3*b = -3*x + 21. Let j = b + -2. Is j a composite number?
False
Let x(q) = q. Let m be x(2). Suppose j + m*j - 6 = 0. Is (-159)/j*(-8)/12 composite?
False
Let s(j) = 72*j**3 - 2*j + 1. Suppose -3*t - 2*o = -3, 2*t - 6*t = -4*o - 4. Is s(t) prime?
True
Suppose -4*p = -5*b - 23, -4 = -4*p + 4. Is 1/b - (-202)/3 prime?
True
Let f(x) = 2*x**2 - 2*x. Let i be f(2). Let j be (0 + -1)*i*-1. Suppose 0 = -j*c + 2*m + 512, 0 = -3*c - 5*m - 115 + 486. Is c a prime number?
True
Suppose 653 = 5*o - 1802. Is o prime?
True
Suppose -4771 = -2*c - i, 3*c = -0*c + 4*i + 7184. Suppose 3*p - c - 297 = 0. Is p a prime number?
False
Let l(z) = -4*z + 1. Let y(c) = c. Let r(i) = l(i) + 6*y(i). Let f be r(2). Is (-2)/(-5) + 163/f a prime number?
False
Let o(c) = -c**3 - c**2 + 3*c - 7. Let v be o(-5). Is (v/(-9))/(4/(-30)) composite?
True
Let r(i) = -3*i**2 - i + 1. Let w be r(1). Let c = w + 3. Suppose 2*s = 5*n - s - 425, c = -n + s + 85. Is n prime?
False
Let a(q) = 26*q + 15. Is a(11) a prime number?
False
Is 13896/8 - (3 - 1) composite?
True
Let h = 200 + -9. Is h a prime number?
True
Let r be (17/(-51))/(1/(-867)). Suppose -6*w + 1265 + r = 0. Is w prime?
False
Let b = -235 + 79. Let a = -109 - b. Is a a prime number?
True
Suppose -19 = 2*m + 5*k, 4*m = 3*k - 4*k + 7. Suppose -2*t - 5 = -7*t, -m*c = -4*t - 137. Is c a composite number?
False
Suppose 5*j = -5*p + 325, -2*p + 4*j + 76 = -54. Is p a prime number?
False
Suppose 5*h + 357 + 528 = 0. Is 1*h*(-2)/6 prim